me?
False
Is 2539833931 a composite number?
False
Is 32692878997 a prime number?
True
Is 171387077151 a composite number?
True
Is 517341661 a prime number?
True
Is 70524807733 prime?
True
Is 40329744149 a composite number?
True
Is 1891871657 composite?
True
Is 981139519 a prime number?
False
Is 5027089343 a composite number?
False
Is 4728205487 composite?
True
Is 54544669 prime?
True
Is 48162641 a composite number?
True
Is 716793883 a composite number?
True
Is 11062006961 a prime number?
True
Is 189637589 a prime number?
False
Is 831423077 a prime number?
True
Is 48274795643 a composite number?
True
Is 105734897 composite?
False
Is 8398242823 a composite number?
True
Is 57340415635 a prime number?
False
Is 838811 a composite number?
True
Is 1643580362 prime?
False
Is 133891769069 prime?
False
Is 69504663271 a composite number?
False
Is 174833797 composite?
True
Is 5795401387 composite?
False
Is 2917573957 prime?
True
Is 25978374569 composite?
True
Is 2983164323 prime?
False
Is 15322093 a prime number?
False
Is 14448700121 composite?
False
Is 2406268709 prime?
False
Is 18083967259 a composite number?
True
Is 388460177 a composite number?
True
Is 8450162951 composite?
True
Is 1297885 composite?
True
Is 1233453281 a prime number?
True
Is 2005081111 a prime number?
False
Is 2485382101 composite?
True
Is 3614704181 a composite number?
True
Is 1775923861 a composite number?
True
Is 11564207871 prime?
False
Is 5926328377 a prime number?
False
Is 8559680839 composite?
True
Is 802196341 prime?
True
Is 796736647 prime?
False
Is 16403387651 a prime number?
False
Is 339874219 prime?
True
Is 180267413 prime?
True
Is 45116231027 a prime number?
False
Is 6605592911 a composite number?
False
Is 20294891627 a composite number?
True
Is 51624888697 composite?
True
Is 1068364819 a composite number?
True
Is 203083788143 a composite number?
True
Is 1745810435 a prime number?
False
Is 37622642303 a composite number?
True
Is 889179097 a composite number?
True
Is 4131397063 a composite number?
True
Is 5556907241 a composite number?
True
Is 942129227 prime?
False
Is 459392321 a prime number?
True
Is 333645541 a composite number?
False
Is 1873257343 a prime number?
True
Is 10671677701 a composite number?
True
Is 179514429 prime?
False
Is 1761452401 a composite number?
True
Is 117126523 a prime number?
False
Is 1054220443 a prime number?
True
Is 852504623 a composite number?
False
Is 6863711549 a prime number?
True
Is 180451181 a composite number?
True
Is 74035410167 prime?
False
Is 27644263 a prime number?
True
Is 2165562359 a prime number?
False
Is 122865823 a prime number?
True
Is 3084325097 a composite number?
True
Is 133785493 composite?
False
Is 1314761321 prime?
True
Is 6135513313 a composite number?
False
Is 384255359 prime?
False
Is 116939585831 a prime number?
True
Is 1039052111 prime?
True
Is 41802782227 a prime number?
False
Is 305713140257 a prime number?
False
Is 18550313013 a prime number?
False
Is 20502032363 prime?
False
Is 213600763 a prime number?
True
Is 64573216663 prime?
True
Is 527549634143 a composite number?
True
Is 690730577 prime?
False
Is 149091609617 prime?
True
Is 3475135901 composite?
True
Is 76690620527 composite?
False
Is 1597683461 composite?
True
Is 3762637 a prime number?
False
Is 1661184859 a composite number?
True
Is 18658723727 a prime number?
False
Is 963656627 composite?
True
Is 2614833883 a composite number?
False
Is 40457837941 composite?
False
Is 21460349035 a composite number?
True
Is 2541039467 prime?
True
Is 58568353 a composite number?
True
Is 26668008637 composite?
True
Is 13949641163 composite?
False
Is 338146967 a composite number?
True
Is 10289465033 prime?
False
Is 28735342387 composite?
False
Is 93497731 a composite number?
False
Is 323050508783 a prime number?
False
Is 2096543179 prime?
True
Is 577123121 a prime number?
True
Is 73761567349 prime?
True
Is 90025679 a prime number?
True
Is 1997816819 a prime number?
True
Is 27383252587 a composite number?
False
Is 3221909017 prime?
True
Is 1544867347 a prime number?
True
Is 605862331 a composite number?
False
Is 488775229 prime?
True
Is 850646747 prime?
True
Is 378650689 a prime number?
True
Is 1063920191 a composite number?
True
Is 850873151 a composite number?
True
Is 73962621487 composite?
False
Is 14813152721 a composite number?
False
Is 15399622531 prime?
False
Is 1672175361 composite?
True
Is 1550377069 prime?
True
Is 200256533 prime?
False
Is 14479198133 a prime number?
True
Is 52073494901 prime?
True
Is 13901207339 a prime number?
False
Is 2088283277 a prime number?
False
Is 3226475841 a prime number?
False
Is 10168799021 prime?
True
Is 6050991799 prime?
True
Is 1309149607 a prime number?
True
Is 49028997173 composite?
True
Is 28653557047 composite?
True
Is 50410290443 a composite number?
False
Is 52065133061 composite?
False
Is 10731661151 a prime number?
False
Is 954381209 prime?
False
Is 19994692597 a prime number?
False
Is 36788911 prime?
True
Is 484987486 composite?
True
Is 450905831 composite?
True
Is 3131183321 a composite number?
True
Is 256297057 a composite number?
True
Is 92326901 a composite number?
True
Is 51914725997 prime?
False
Is 7890006769 a composite number?
True
Is 2668460971 a composite number?
True
Is 5220378739 a prime number?
False
Is 16063747669 prime?
False
Is 23936315029 composite?
True
Is 93775922717 prime?
False
Is 6239238433 composite?
False
Is 58493859451 composite?
True
Is 56889598273 composite?
True
Is 64362181 prime?
False
Is 1030581479 composite?
False
Is 660793801 a composite number?
True
Is 118787625197 composite?
True
Is 10259062041 a prime number?
False
Is 2536131347 a composite number?
True
Is 9508458041 composite?
False
Is 1359378337 a composite number?
True
Is 15270634919 prime?
True
Is 1298728411 a prime number?
True
Is 7332937229 prime?
True
Is 77524016807 a composite number?
False
Is 4865987827 prime?
False
Is 3081993947 a composite number?
False
Is 10338176419 prime?
True
Is 681764071 a composite number?
True
Is 6458590487 a composite number?
False
Is 218636494987 composite?
False
Is 7710853859 prime?
True
Is 13389255589 prime?
True
Is 159288007 a prime number?
True
Is 11164321573 a prime number?
False
Is 5596612487 composite?
True
Is 234002833 a composite number?
False
Is 7066811287 composite?
False
Is 1769613173 a prime number?
False
Is 88645589 composite?
False
Is 4699896511 composite?
False
Is 25391053 a prime number?
True
Is 882084317 a composite number?
False
Is 19585141055 composite?
True
Is 1635082413 a prime number?
False
Is 986063699 composite?
True
Is 38559203 composite?
True
Is 1700195303 a prime number?
True
Is 73769827 a composite number?
False
Is 50838699253 a prime number?
True
Is 19779838511 composite?
False
Is 1292447927 a composite number?
False
Is 41741246 a composite number?
True
Is 15070164751 a composite number?
False
Is 9453429889 a composite number?
True
Is 60187011167 a composite number?
False
Is 359306053 prime?
True
Is 3132755243 a prime number?
False
Is 3313846997 composite?
True
Is 860904817 prime?
False
Is 8597139347 a prime number?
True
Is 935708855 composite?
True
Is 19687211443 a prime number?
True
Is 6347733233 a prime number?
True
Is 242582293 composite?
True
Is 1017832313 prime?
False
Is 998183587 prime?
False
Is 968150047 a composite number?
True
Is 357072847 prime?
False
Is 93977090429 composite?
False
Is 294256279 prime?
True
Is 13286489357 composite?
True
Is 5659673809 a prime number?
False
Is 28497713434 a composite number?
True
Is 1735762267 prime?
True
Is 809148367 composite?
True
Is 21533384759 a composite number?
True
Is 2824307491 composite?
False
Is 17470115321 composite?
False
Is 76877841593 a prime number?
False
Is 8766712883 a prime number?
True
Is 29291312563 a composite number?
True
Is 819615317 composite?
False
Is 53584466971 prime?
False
Is 4121250599 a prime number?
True
Is 2988147887 composite?
True
Is 126843203749 composite?
True
Is 25931172655 composite?
True
Is 13019736949 prime?
True
Is 2204348981 prime?
True
Is 334881451 prime?
True
Is 16588118047 a prime number?
True
Is 33456237838 prime?
False
Is 175770901 composite?
False
Is 171135269 composite?
False
Is 41597837879 a prime number?
False
Is 10940965877 a composite number?
False
Is 339545934214 comp